 common factor of 1936 and 2288?
176
Calculate the highest common factor of 152 and 8.
8
What is the highest common divisor of 39 and 767?
13
Calculate the highest common factor of 64 and 112.
16
What is the highest common factor of 7626 and 492?
246
Calculate the greatest common factor of 81 and 621.
27
Calculate the highest common divisor of 104 and 806.
26
What is the highest common divisor of 39 and 321?
3
Calculate the greatest common factor of 19 and 323.
19
What is the highest common factor of 6305 and 65?
65
Calculate the greatest common divisor of 20 and 740.
20
What is the greatest common factor of 63 and 1008?
63
What is the greatest common divisor of 207 and 36?
9
What is the greatest common factor of 90 and 60?
30
What is the highest common divisor of 2200 and 150?
50
Calculate the greatest common divisor of 228 and 1539.
57
What is the highest common factor of 690 and 60?
30
What is the highest common divisor of 14 and 343?
7
Calculate the highest common divisor of 14 and 329.
7
What is the greatest common factor of 36690 and 30?
30
Calculate the greatest common divisor of 178 and 2047.
89
What is the greatest common divisor of 153 and 108?
9
What is the greatest common divisor of 4940 and 10?
10
What is the greatest common divisor of 2256 and 5358?
282
What is the greatest common divisor of 140 and 640?
20
What is the greatest common factor of 10 and 490?
10
What is the greatest common divisor of 106 and 4770?
106
What is the highest common factor of 29 and 551?
29
Calculate the highest common divisor of 15295 and 133.
133
Calculate the greatest common factor of 18 and 846.
18
What is the highest common factor of 1211 and 3114?
173
Calculate the highest common divisor of 15502 and 92.
46
Calculate the highest common factor of 1599 and 273.
39
Calculate the highest common factor of 22 and 4.
2
What is the greatest common divisor of 1422 and 3634?
158
Calculate the highest common factor of 8 and 716.
4
Calculate the highest common factor of 2645 and 1035.
115
What is the highest common factor of 90 and 1430?
10
Calculate the highest common factor of 297 and 517.
11
Calculate the highest common divisor of 184 and 115.
23
What is the highest common divisor of 62 and 31?
31
What is the highest common factor of 12 and 972?
12
What is the highest common factor of 16 and 976?
16
Calculate the greatest common factor of 66 and 341.
11
Calculate the greatest common factor of 76 and 1083.
19
What is the greatest common factor of 255 and 204?
51
What is the greatest common divisor of 1165 and 5?
5
Calculate the greatest common divisor of 161 and 4186.
161
Calculate the greatest common divisor of 3552 and 160.
32
What is the greatest common divisor of 2800 and 60?
20
What is the greatest common factor of 1431 and 81?
27
What is the highest common factor of 88 and 473?
11
What is the highest common divisor of 912 and 144?
48
Calculate the highest common factor of 2123 and 88.
11
Calculate the greatest common factor of 240 and 375.
15
What is the greatest common divisor of 16 and 80?
16
Calculate the highest common factor of 26569 and 163.
163
What is the greatest common factor of 328 and 8?
8
Calculate the highest common divisor of 1150 and 525.
25
What is the greatest common divisor of 176 and 2453?
11
What is the greatest common factor of 13454 and 14?
14
What is the greatest common divisor of 12 and 2428?
4
Calculate the highest common factor of 1834 and 14.
14
What is the greatest common factor of 1582 and 14?
14
What is the greatest common factor of 90 and 225?
45
Calculate the greatest common factor of 22 and 8.
2
What is the greatest common divisor of 496 and 488?
8
What is the highest common factor of 47 and 52?
1
Calculate the greatest common divisor of 259 and 185.
37
Calculate the greatest common factor of 44 and 2932.
4
What is the greatest common factor of 21 and 6111?
21
What is the highest common divisor of 76 and 494?
38
What is the highest common divisor of 226 and 52658?
226
Calculate the greatest common factor of 103 and 206.
103
Calculate the highest common divisor of 36 and 57.
3
Calculate the highest common factor of 70 and 70.
70
What is the greatest common factor of 11583 and 54?
27
Calculate the highest common divisor of 125 and 50.
25
What is the greatest common divisor of 3080 and 56?
56
Calculate the highest common factor of 52 and 20644.
52
Calculate the greatest common factor of 11 and 10417.
11
Calculate the greatest common factor of 22 and 718.
2
Calculate the highest common factor of 145 and 1189.
29
What is the highest common factor of 1821 and 3?
3
Calculate the highest common divisor of 60 and 24.
12
What is the greatest common factor of 608 and 256?
32
Calculate the greatest common divisor of 38 and 2242.
38
Calculate the greatest common factor of 1712 and 56.
8
Calculate the greatest common divisor of 144 and 352.
16
Calculate the highest common factor of 12 and 3372.
12
Calculate the highest common divisor of 63 and 336.
21
What is the highest common divisor of 737 and 22?
11
Calculate the greatest common factor of 66 and 737.
11
Calculate the highest common factor of 117 and 13.
13
Calculate the highest common divisor of 200 and 100.
100
Calculate the greatest common divisor of 52 and 2327.
13
Calculate the highest common divisor of 333 and 9.
9
Calculate the highest common divisor of 5 and 5.
5
What is the greatest common factor of 33 and 2497?
11
Calculate the highest common divisor of 222 and 18.
6
What is the highest common factor of 85 and 20?
5
What is the highest common divisor of 2274 and 3?
3
Calculate the highest common divisor of 4654 and 13.
13
Calculate the highest common factor of 1044 and 58.
58
What is the highest common divisor of 9 and 3?
3
What is the highest common factor of 1 and 151?
1
Calculate the highest common factor of 238 and 1700.
34
What is the highest common divisor of 187 and 10450?
11
What is the highest common factor of 8748 and 288?
36
Calculate the greatest common divisor of 299 and 161.
23
Calculate the highest common factor of 2 and 514.
2
Calculate the greatest common factor of 287 and 12054.
287
What is the greatest common divisor of 13639 and 69?
23
Calculate the greatest common divisor of 77 and 99.
11
Calculate the greatest common divisor of 21 and 15.
3
What is the greatest common factor of 54 and 3618?
54
Calculate the greatest common factor of 4565 and 495.
55
What is the highest common factor of 4408 and 2088?
232
Calculate the greatest common factor of 341 and 506.
11
Calculate the greatest common factor of 423 and 47.
47
Calculate the highest common factor of 86 and 129.
43
Calculate the highest common factor of 180 and 9.
9
Calculate the greatest common factor of 52 and 832.
52
What is the greatest common factor of 912 and 176?
16
What is the greatest common divisor of 682 and 44?
22
What is the greatest common divisor of 935 and 1615?
85
What is the greatest common factor of 69 and 437?
23
What is the greatest common divisor of 7 and 1141?
7
What is the highest common factor of 240 and 390?
30
Calculate the highest common factor of 273 and 2919.
21
Calculate the highest common factor of 85 and 25.
5
Calculate the highest common factor of 64 and 560.
16
What is the highest common factor of 110 and 1155?
55
Calculate the greatest common factor of 10 and 1670.
10
What is the highest common factor of 6 and 756?
6
What is the greatest common factor of 315 and 189?
63
Calculate the highest common divisor of 27 and 2.
1
Calculate the highest common divisor of 2303 and 56.
7
What is the greatest common divisor of 65 and 615?
5
What is the greatest common divisor of 288 and 270?
18
What is the highest common divisor of 682 and 22?
22
What is the highest common factor of 5 and 8545?
5
Calculate the greatest common factor of 40 and 21900.
20
What is the highest common factor of 1410 and 987?
141
What is the highest common divisor of 1050 and 35?
35
What is the greatest common divisor of 4440 and 24?
24
What is the greatest common factor of 187 and 220?
11
Calculate the greatest common divisor of 3813 and 246.
123
Calculate the highest common divisor of 3543 and 3.
3
Calculate the greatest common factor of 7565 and 85.
85
Calculate the greatest common divisor o